{"id":756,"date":"2017-03-16T15:07:31","date_gmt":"2017-03-16T15:07:31","guid":{"rendered":"http:\/\/dimaostroglad.de\/?page_id=756"},"modified":"2017-03-31T18:34:45","modified_gmt":"2017-03-31T18:34:45","slug":"filmprojekt","status":"publish","type":"page","link":"https:\/\/www.dimaostroglad.de\/index.php\/internationale-begegnungen\/filmprojekt\/","title":{"rendered":"Filmprojekt"},"content":{"rendered":"<p><a href=\"http:\/\/dimaostroglad.de\/wp-content\/uploads\/2017\/03\/Int-Film.jpg\"><img loading=\"lazy\" decoding=\"async\" class=\"alignnone size-full wp-image-1149\" src=\"http:\/\/dimaostroglad.de\/wp-content\/uploads\/2017\/03\/Int-Film.jpg\" alt=\"\" width=\"799\" height=\"445\" srcset=\"https:\/\/www.dimaostroglad.de\/wp-content\/uploads\/2017\/03\/Int-Film.jpg 799w, https:\/\/www.dimaostroglad.de\/wp-content\/uploads\/2017\/03\/Int-Film-300x167.jpg 300w, https:\/\/www.dimaostroglad.de\/wp-content\/uploads\/2017\/03\/Int-Film-768x428.jpg 768w\" sizes=\"auto, (max-width: 799px) 100vw, 799px\" \/><\/a><\/p>\n<p>Kreative Filmarbeit erm\u00f6glicht vielversprechende Lernprozesse sowie Ausdrucksformen f\u00fcr kulturell-heterogene Gruppen. Sie bietet ein gro\u00dfes Potential an kreativen und spielerischen Formen f\u00fcr Kommunikation und Sprachentwicklung.* Das Interesse und Partizipationsbereitschaft werden durch eine gemeinsame Aufgabenbew\u00e4ltigung oft gr\u00f6\u00dfer, als wenn man in der gleichen Situation alleine agieren w\u00fcrde.<br \/>\n&nbsp;<\/p>\n<p><strong>Umgang mit Medien und Technik, Erlernen von gestalterischen Grundlagen<\/strong><br \/>\nDurch produktive Filmarbeit k\u00f6nnen die Teilnehmenden Medien- und Technikkompetenz erwerben. Funktionsweise und Umgang mit Video-, Audio-, Licht- und Tontechnik, sowie Kenntnisse der Produktionsabl\u00e4ufe in der Vorbereitung, bei den Dreharbeiten und in der Post-Produktion werden aus praktischer Arbeit gewonnen.<br \/>\n&nbsp;<\/p>\n<p><strong>Kreativit\u00e4t und Ausdruck<\/strong><br \/>\nIn der Auseinandersetzung mit dem Medium k\u00f6nnen junge Menschen eigene Themen und Interessen aufarbeiten, eigene Meinungen und Ansichten zum Ausdruck bringen. Inzwischen zielen die meisten Projekte aktiver Medienarbeit in erster Linie darauf, Jugendlichen dazu zu verhelfen, den eigenen Identit\u00e4ten medial Ausdruck zu verleihen und dabei ihren spielerischen, fantasievollen Umgang mit Technologien zu f\u00f6rdern.**<br \/>\n&nbsp;<\/p>\n<p><strong>Sachkompetenzen durch inhaltliches Arbeiten<\/strong><br \/>\nDer Spielfilm hat den Vorteil einer intensiven emotionalen und \u00e4sthetischen Wirkung darzustellender Sachverhalte und Fakten. Dadurch k\u00f6nnen die Teilnehmenden eine starke Motivation erfahren, sich mit Themen ihrer Umwelt auseinanderzusetzen.<\/p>\n<p><br class=\"clear\" \/><span style=\"font-size: 0.6em;\"><br \/>\n*vgl. Holzwarth 2011: 8<br \/>\n**Merz | Medien + Erziehung 2008, [onl.]<br \/>\n<\/span><\/p>\n","protected":false},"excerpt":{"rendered":"<p>Kreative Filmarbeit erm\u00f6glicht vielversprechende Lernprozesse sowie Ausdrucksformen f\u00fcr kulturell-heterogene Gruppen. Sie bietet ein gro\u00dfes Potential an kreativen und spielerischen Formen<\/p>\n","protected":false},"author":1,"featured_media":1149,"parent":256,"menu_order":2,"comment_status":"closed","ping_status":"closed","template":"","meta":{"jetpack_post_was_ever_published":false,"footnotes":""},"class_list":["post-756","page","type-page","status-publish","has-post-thumbnail","hentry"],"jetpack_sharing_enabled":true,"jetpack_shortlink":"https:\/\/wp.me\/P6zGcX-cc","_links":{"self":[{"href":"https:\/\/www.dimaostroglad.de\/index.php\/wp-json\/wp\/v2\/pages\/756","targetHints":{"allow":["GET"]}}],"collection":[{"href":"https:\/\/www.dimaostroglad.de\/index.php\/wp-json\/wp\/v2\/pages"}],"about":[{"href":"https:\/\/www.dimaostroglad.de\/index.php\/wp-json\/wp\/v2\/types\/page"}],"author":[{"embeddable":true,"href":"https:\/\/www.dimaostroglad.de\/index.php\/wp-json\/wp\/v2\/users\/1"}],"replies":[{"embeddable":true,"href":"https:\/\/www.dimaostroglad.de\/index.php\/wp-json\/wp\/v2\/comments?post=756"}],"version-history":[{"count":10,"href":"https:\/\/www.dimaostroglad.de\/index.php\/wp-json\/wp\/v2\/pages\/756\/revisions"}],"predecessor-version":[{"id":1266,"href":"https:\/\/www.dimaostroglad.de\/index.php\/wp-json\/wp\/v2\/pages\/756\/revisions\/1266"}],"up":[{"embeddable":true,"href":"https:\/\/www.dimaostroglad.de\/index.php\/wp-json\/wp\/v2\/pages\/256"}],"wp:featuredmedia":[{"embeddable":true,"href":"https:\/\/www.dimaostroglad.de\/index.php\/wp-json\/wp\/v2\/media\/1149"}],"wp:attachment":[{"href":"https:\/\/www.dimaostroglad.de\/index.php\/wp-json\/wp\/v2\/media?parent=756"}],"curies":[{"name":"wp","href":"https:\/\/api.w.org\/{rel}","templated":true}]}}

<p><a href="http://dimaostroglad.de/wp-content/uploads/2017/03/Int-Film.jpg"><img loading="lazy" decoding="async" class="alignnone size-full wp-image-1149" src="http://dimaostroglad.de/wp-content/uploads/2017/03/Int-Film.jpg" alt="" width="799" height="445" srcset="https://www.dimaostroglad.de/wp-content/uploads/2017/03/Int-Film.jpg 799w, https://www.dimaostroglad.de/wp-content/uploads/2017/03/Int-Film-300x167.jpg 300w, https://www.dimaostroglad.de/wp-content/uploads/2017/03/Int-Film-768x428.jpg 768w" sizes="auto, (max-width: 799px) 100vw, 799px" /></a></p>
<p>Kreative Filmarbeit ermöglicht vielversprechende Lernprozesse sowie Ausdrucksformen für kulturell-heterogene Gruppen. Sie bietet ein großes Potential an kreativen und spielerischen Formen für Kommunikation und Sprachentwicklung.* Das Interesse und Partizipationsbereitschaft werden durch eine gemeinsame Aufgabenbewältigung oft größer, als wenn man in der gleichen Situation alleine agieren würde.<br />
&nbsp;</p>
<p><strong>Umgang mit Medien und Technik, Erlernen von gestalterischen Grundlagen</strong><br />
Durch produktive Filmarbeit können die Teilnehmenden Medien- und Technikkompetenz erwerben. Funktionsweise und Umgang mit Video-, Audio-, Licht- und Tontechnik, sowie Kenntnisse der Produktionsabläufe in der Vorbereitung, bei den Dreharbeiten und in der Post-Produktion werden aus praktischer Arbeit gewonnen.<br />
&nbsp;</p>
<p><strong>Kreativität und Ausdruck</strong><br />
In der Auseinandersetzung mit dem Medium können junge Menschen eigene Themen und Interessen aufarbeiten, eigene Meinungen und Ansichten zum Ausdruck bringen. Inzwischen zielen die meisten Projekte aktiver Medienarbeit in erster Linie darauf, Jugendlichen dazu zu verhelfen, den eigenen Identitäten medial Ausdruck zu verleihen und dabei ihren spielerischen, fantasievollen Umgang mit Technologien zu fördern.**<br />
&nbsp;</p>
<p><strong>Sachkompetenzen durch inhaltliches Arbeiten</strong><br />
Der Spielfilm hat den Vorteil einer intensiven emotionalen und ästhetischen Wirkung darzustellender Sachverhalte und Fakten. Dadurch können die Teilnehmenden eine starke Motivation erfahren, sich mit Themen ihrer Umwelt auseinanderzusetzen.</p>
<p><br class="clear" /><span style="font-size: 0.6em;"><br />
*vgl. Holzwarth 2011: 8<br />
**Merz | Medien + Erziehung 2008, [onl.]<br />
</span></p>

<p>Kreative Filmarbeit ermöglicht vielversprechende Lernprozesse sowie Ausdrucksformen für kulturell-heterogene Gruppen. Sie bietet ein großes Potential an kreativen und spielerischen Formen</p>
