{"id":193,"date":"2017-02-17T15:03:52","date_gmt":"2017-02-17T15:03:52","guid":{"rendered":"http:\/\/dimaostroglad.de\/?page_id=193"},"modified":"2017-03-30T22:07:35","modified_gmt":"2017-03-30T22:07:35","slug":"foto","status":"publish","type":"page","link":"https:\/\/www.dimaostroglad.de\/index.php\/foto\/","title":{"rendered":"Foto &#8211; Workshop"},"content":{"rendered":"<p><a href=\"http:\/\/dimaostroglad.de\/wp-content\/uploads\/2017\/03\/foto.jpg\"><img loading=\"lazy\" decoding=\"async\" class=\"alignnone size-full wp-image-1214\" src=\"http:\/\/dimaostroglad.de\/wp-content\/uploads\/2017\/03\/foto.jpg\" alt=\"\" width=\"800\" height=\"445\" srcset=\"https:\/\/www.dimaostroglad.de\/wp-content\/uploads\/2017\/03\/foto.jpg 800w, https:\/\/www.dimaostroglad.de\/wp-content\/uploads\/2017\/03\/foto-300x167.jpg 300w, https:\/\/www.dimaostroglad.de\/wp-content\/uploads\/2017\/03\/foto-768x427.jpg 768w\" sizes=\"auto, (max-width: 800px) 100vw, 800px\" \/><\/a><\/p>\n<p>Das Medium Fotografie ist vielf\u00e4ltig: manche lassen sich von der Sch\u00f6nheit der Welt die uns umgibt mit ihren Farben und Formen, die im Licht spielen, faszinieren. Manche wollen ein Ereignis, ein Gef\u00fchl, ein Moments in seiner Einzigartigkeit festhalten, sodass man ihn beim Betrachten des Bildes jedes mal aufs neue erleben kann. Andere wollen mir ihren Bildern Geschichten erz\u00e4hlen oder der \u00d6ffentlichkeit zeigen, was sonst geheim oder verborgen ist.<\/p>\n<p>Fotografie erm\u00f6glicht es eine Sache oder ein Ereignis den Anderen aus eigenem, pers\u00f6nlichem Blickwinkel zu zeigen. Das macht Foto zu hervorragendem Medium f\u00fcr kreative Gruppenprojekte in der schulischen-, au\u00dferschulischen-, und Erwachsenenbildung.<\/p>\n<p>Die Inhalte sowie thematische und methodische Schwerpunkte des Workshops werden den Projektzielen, dem Erfahrungsstand der Teilnehmenden und den technischen Gegebenheiten angepasst.<\/p>\n<hr \/>\n<h5>Workshop-Inhalte<\/h5>\n<h6>Gestaltung<\/h6>\n<p>Objektwahl<br \/>\nFormat: Hoch\/Quer, Tiefenwirkung<br \/>\nKomposition: Kadrierung, Bildspannung, Goldener Schnitt<br \/>\nPerspektive<br \/>\nVordergrund\/Hintergrund<br \/>\nLandschaftsfotografie: Lage des Horizonts<br \/>\nPortrait: Kadrierung, Tiefensch\u00e4rfe<\/p>\n<p>&nbsp;<\/p>\n<h6>Technik<\/h6>\n<p>Lichtmenge und Empfindlichkeit des Filmes\/Sensors<br \/>\nLichtrichtung<br \/>\nBelichtungszeit<br \/>\nBlende<br \/>\nSehwinkel, Optik, Brennweite<br \/>\nTiefensch\u00e4rfe<br \/>\nKameraeinstellungen und Programme<\/p>\n<p>&nbsp;<\/p>\n<h6>Inhalt<\/h6>\n<p>Story im Bild<\/p>\n<hr \/>\n<h6>Meine Erfahrungen und Referenzen zu Fotografie<\/h6>\n<p><span style=\"font-size: 0.8em;\"><strong>FACH ANALOGE FOTOGRAFIE<\/strong> und Fotolabor bei international pr\u00e4mierten Experimentalfilmemacher und Physiker Bernd Upnmoor im Medientechnik-Studium an der HAW Hamburg<\/span><\/p>\n<p><span style=\"font-size: 0.8em;\"><strong>FOTOGRAFIE-WORKSHOPLEITUNG<\/strong> im ABC Bildungs- und Tagungszentrum e.V. seit 2014<\/span><\/p>\n","protected":false},"excerpt":{"rendered":"<p>Das Medium Fotografie ist vielf\u00e4ltig: manche lassen sich von der Sch\u00f6nheit der Welt die uns umgibt mit ihren Farben und<\/p>\n","protected":false},"author":1,"featured_media":0,"parent":0,"menu_order":0,"comment_status":"closed","ping_status":"closed","template":"","meta":{"jetpack_post_was_ever_published":false,"footnotes":""},"class_list":["post-193","page","type-page","status-publish","hentry"],"jetpack_sharing_enabled":true,"jetpack_shortlink":"https:\/\/wp.me\/P6zGcX-37","_links":{"self":[{"href":"https:\/\/www.dimaostroglad.de\/index.php\/wp-json\/wp\/v2\/pages\/193","targetHints":{"allow":["GET"]}}],"collection":[{"href":"https:\/\/www.dimaostroglad.de\/index.php\/wp-json\/wp\/v2\/pages"}],"about":[{"href":"https:\/\/www.dimaostroglad.de\/index.php\/wp-json\/wp\/v2\/types\/page"}],"author":[{"embeddable":true,"href":"https:\/\/www.dimaostroglad.de\/index.php\/wp-json\/wp\/v2\/users\/1"}],"replies":[{"embeddable":true,"href":"https:\/\/www.dimaostroglad.de\/index.php\/wp-json\/wp\/v2\/comments?post=193"}],"version-history":[{"count":41,"href":"https:\/\/www.dimaostroglad.de\/index.php\/wp-json\/wp\/v2\/pages\/193\/revisions"}],"predecessor-version":[{"id":1229,"href":"https:\/\/www.dimaostroglad.de\/index.php\/wp-json\/wp\/v2\/pages\/193\/revisions\/1229"}],"wp:attachment":[{"href":"https:\/\/www.dimaostroglad.de\/index.php\/wp-json\/wp\/v2\/media?parent=193"}],"curies":[{"name":"wp","href":"https:\/\/api.w.org\/{rel}","templated":true}]}}